
Suppose c - 9*y + 5*y = 16, -3*c + 3*y + 12 = 0. Let r(g) be the third derivative of 2/3*g**3 + 4*g**2 + 0*g + c - 1/6*g**4. Calculate r(4).
-12
Let f = -109 - -106. Let w(h) be the second derivative of -h**4/12 - h**3/3 - h**2/2 - 7*h. Give w(f).
-4
Let j(q) = -4*q**2 - 153*q + 113. Let z be j(-39). Let v(w) = -w**3 - 3*w**2 + 4*w + 6. Calculate v(z).
6
Let i be (6/8)/(4/16). Suppose i*l = -2*l. Let s(y) = y**3 + y**2 + y + 8. Calculate s(l).
8
Let x(r) be the second derivative of -r**4/2 - r**3/6 - r**2/2 + 59*r. Suppose 0 = 2*b + 2*p + 12, -p - 2 = -3*b - 0. Calculate x(b).
-6
Let c(p) = -10 + 24*p + 2 - 22*p. Calculate c(9).
10
Let j(r) = -1 - 99*r + 204*r - 106*r. Determine j(-11).
10
Let d(v) = v**3 - 14*v**2 - 15*v - 7. Let o(y) = -27*y + 69. Let h be o(2). Calculate d(h).
-7
Suppose 14 = 2*w - 2*q, 27 = 8*w - 3*w - 3*q. Let j(c) = -5*c + 9. Calculate j(w).
-6
Let u(c) be the first derivative of 1/2*c**2 - 1 + 14*c. Calculate u(-8).
6
Let i(o) be the third derivative of -o**8/20160 - o**7/5040 - o**6/360 + o**5/30 + 5*o**2. Let w(y) be the third derivative of i(y). Determine w(-2).
-4
Suppose 0 = -d - 4*d - 20. Let y be (-95)/(-35) + d/(-14). Let t = 0 - y. Let o(l) = -l**2. Determine o(t).
-9
Let o(v) be the second derivative of -v**4/12 - 2*v**3/3 + v**2/2 - 10*v. Suppose 0*u - 27 = -3*u. Let q be 24/(-18)*u/6. Give o(q).
5
Let t(l) be the first derivative of l**3/3 - 5*l**2 - l - 101. Determine t(6).
-25
Let j(m) = -5*m**2 - m + 1. Suppose 24 - 28 = 2*d. Calculate j(d).
-17
Suppose 7*r + 14 - 28 = 0. Suppose 2*q + q = 0. Suppose q*d = -r*d - 12. Let x(y) = -y**2 - 7*y - 8. Calculate x(d).
-2
Let f(m) = 1 + 7*m - 3*m**2 + 1 - m**3 + 7*m**2. Suppose 539 = 72*y + 179. What is f(y)?
12
Let a(x) be the third derivative of x**6/120 - x**5/10 - x**4/3 - x**3 + 51*x**2. What is a(7)?
-13
Let n(p) = p**3 - 8*p**2 + 5*p + 13. Suppose -103 + 124 = 3*c. Determine n(c).
-1
Let f(i) = -4*i + 3. Let u(n) = n**3 - 11*n**2 - 12*n + 5. Let x be u(12). Suppose -4*w + 9 = -7*w + 5*q, x*w = 4*q - 2. What is f(w)?
-5
Suppose 5 = 10*c + 25. Let m(f) = -11*f - 9. Determine m(c).
13
Let n(f) be the second derivative of -f**3 - 6*f**2 - 43*f + 1. What is n(-12)?
60
Suppose 0 - 2 = -5*f - 2*x, f + 18 = -5*x. Let n(q) = -f*q**2 + q + 3*q**2 - 10*q**2. Let m be (-3)/(-4 - -13)*3. Determine n(m).
-10
Suppose -4*l = 3 - 11. Let b(q) = -5 + 0 + 8 + q**l - q + 8. Suppose 0 = -2*v - 6, -2*g + 3*v - 2 + 11 = 0. Determine b(g).
11
Let v be (-6)/(6/(-7)) + -4. Let y(n) be the first derivative of n**2 + n + 15. Give y(v).
7
Let i(k) = k**3 + k + 2. Let p(l) = -5*l**3 - 5*l + 11. Let s(b) = -6*i(b) - p(b). What is s(0)?
-23
Suppose 4*m + j = -15, -2*m + 3*j + 4 - 1 = 0. Let z(b) = -7*b - 1. What is z(m)?
20
Let u(w) = 4*w - 2. Suppose -2*y = 2*m - 12, 16*m - 13*m + 4*y - 13 = 0. Calculate u(m).
42
Let y(v) = -v + 1. Let m(r) = 24*r - 18. Let k(f) = m(f) + 18*y(f). Let w be k(1). Let g(j) = -9*j**2 + 0*j**2 + 8*j**2 - 6*j + 5 + 2*j**2. What is g(w)?
5
Let p(w) = -35*w + 9. Let u(y) = -61*y + 18. Let n(h) = -7*p(h) + 4*u(h). What is n(0)?
9
Let f(j) be the third derivative of j**4/12 + 5*j**3/6 - 80*j**2. Calculate f(-7).
-9
Let q be 2*(35/(-10) + 3). Let z(w) = 7*w**2 - 7*w - 2. Let y(p) = p**3 - p**2 + 1. Let h(k) = q*y(k) + z(k). Calculate h(7).
-3
Suppose -5*g + 31 = 2*r, 3*g + 3 = 3*r + 9. Let k(q) = -q. Let l(a) = -5 + 2 + a**2 + 2 - 9*a. Let b(p) = 4*k(p) - l(p). Calculate b(g).
1
Let x(h) = -h**3 - 12*h**2 - 15*h - 8. Let l be ((-186)/18 + 10)*33. Give x(l).
36
Suppose -3*d = -5*c + 24, 3*c - 3*d = -0 + 18. Let j be (-7 + 10)*4/c. Let m(k) = k**3 - 5*k**2 + k + 5. Calculate m(j).
-7
Let t(m) be the second derivative of -m**4/3 + m. Let g = -825 - -826. Give t(g).
-4
Let v = -56 + 21. Let w be 7/v - 2/(-10). Suppose 0 = g - 2*m - 4, w*g - g + m = -4. Let t(a) = -2*a + 3. Give t(g).
-5
Let m(k) be the third derivative of -k**5/20 + k**4/24 + 7*k**2 + 456*k. Let o = -3 + 2. Determine m(o).
-4
Let x = -278 - -285. Let y(o) = o**3 - 6*o**2 - 8*o + 11. Determine y(x).
4
Suppose 2*u = 3 - 5. Let l(y) = 30 + 37 + 31 - 99 - 22*y. What is l(u)?
21
Suppose 0 = 5*n - 26 - 4. Let a(m) = 5 - m + 2 + 5. What is a(n)?
6
Let o be 24 - 34 - (-11 + 2). Let z(t) = -11*t**2 + t + 2. Determine z(o).
-10
Suppose -5*w + 3*l - 336 = 0, -w = -6*w + l - 332. Let z be (-2)/(-8) - w/24. Let m(s) = z - 1 + 14*s**2 - 3*s**2 - 1. What is m(1)?
12
Let n(u) be the third derivative of -5/6*u**3 + 0*u - 2/15*u**5 + 1/120*u**6 + 1/24*u**4 + 49*u**2 + 0. What is n(8)?
3
Let d(i) = -i**2 - 19*i + 120. Let m be d(-24). Let w(f) be the third derivative of 0*f + m + 1/24*f**4 - 4/3*f**3 + f**2. Determine w(5).
-3
Let v(k) = -60 + 102 + 7*k - k**2 - 45. Give v(7).
-3
Suppose 5*h + 5*f = 40, -17 = -3*f - 2. Let y(d) = -3*d**3 + 2*d**3 + 7*d + 3*d**2 - 2*d + h. Let c(o) = 5*o**2 + o. Let q be c(-1). Calculate y(q).
7
Let l = -1 - -13. Suppose r + l = -3*r. Let w(v) = -v**2 + v + 7. Let f(q) = -q**2 + 2*q + 9. Let h(u) = -5*f(u) + 6*w(u). Determine h(r).
0
Let y(u) = u**2 - u + 1. Let z be (-6)/(-3)*(-3 - (-26)/4). Suppose -z = -c - 7. Calculate y(c).
1
Let y(f) = -155 - f + 3*f + 168. Give y(9).
31
Let j(g) = -72*g**2 + 143*g**2 - 2 - 64*g - 70*g**2 + 66*g. Suppose -11 = 4*o + 3*a + 2*a, -5*o + 5*a - 25 = 0. Calculate j(o).
6
Let r(o) = -2*o. Let u(p) = 9*p - 2. Let n(h) = -2*r(h) - u(h). Determine n(1).
-3
Let i(s) = -4 - 265*s + 268*s - 17. Calculate i(9).
6
Let z(u) = -3 + u + 0*u**2 + u**2 + u. Let l(g) be the second derivative of g**5/20 - 3*g**4/4 + 13*g**3/6 + 2*g**2 - 33*g. Let o be l(7). Determine z(o).
0
Suppose 2*i + 5*z = 2*z + 32, 0 = 4*z + 16. Let y(u) = u**2 + 0*u**2 - 6*u - 17 + i. Determine y(6).
5
Let r(g) = -19*g**3 - 2*g**2 - g. Suppose 23 = -46*b - 23. What is r(b)?
18
Let l(p) = p**3 - 6*p**2 - 29*p + 14. Let y be l(9). Let d(t) = 0*t**3 + 2*t**2 - 3 - 4*t + t**2 + t**3. Determine d(y).
-3
Let y(c) = -2*c + 8. Let h = 31 + -28. Suppose -32 = -5*o + h. Give y(o).
-6
Suppose 15 = -5*b - 3*o, -4*o + 8 = -3*b + 5*b. Let d(y) = 18 + 19 + 5*y - 42 - 5*y - y. What is d(b)?
1
Let q be (12/4)/3 - -3. Let a(f) = f. Let u(g) = 4*g + 5. Let h(t) = -6*a(t) + u(t). What is h(q)?
-3
Let y(v) be the second derivative of -v**5/120 - v**4/8 + 25*v**3/6 - v**2/2 + 3*v + 1. Let o(r) be the second derivative of y(r). Calculate o(6).
-9
Let y(g) = 3*g - 1. Let b = 250 + -254. What is y(b)?
-13
Suppose 4*l - 6 = -34. Let v(s) = -3 - 6*s**2 + s**3 - 702*s - 2*s**3 + 1421*s - 712*s. Determine v(l).
-3
Let n(a) = -a**3 - 5*a**2 + 1. Let h = -28 + 51. Suppose -2*m - 15 = 3*m, -2*p - h = 5*m. What is n(p)?
-15
Let b(p) = -p**2 + p - 1. Let j(q) = q**3 - 2*q**2 - q + 13. Let f(s) = -6*b(s) - j(s). Suppose -2*h + 7*h + 15 = 0. Let x be 3/9 + (-20)/h. Give f(x).
7
Let f(g) = -g**3 - 2*g**2 - g. Suppose -5*w + 3*s = s - 38, -s = -3*w + 23. Let r be 25/(-15) + (1 - w/6). Calculate f(r).
2
Let c(g) = -g**2 + 10*g - 4. Let m be (-30)/(-5) + 7 + -4. Determine c(m).
5
Suppose t + 4 = 3. Let f be -3 + 7 - (t - -16). Let s be (12 + f)/((-2)/(-10)). Let k(a) = a**2 - 2*a - 3. What is k(s)?
12
Let y(j) be the first derivative of j**4/4 - j**3/3 + j**2/2 + 11*j - 16. Determine y(0).
11
Let w(t) = -t**2 - 5*t - 2. Let y = 27 - 56. Let x = y - -25. What is w(x)?
2
Let d(o) = o**2 - 3*o + 5. Let p be d(2). Let k(l) = -2 + l**p + 8 + l - 2 - l**2. Suppose 0*r + 2*y = -4*r + 6, -3*r = y - 3. Give k(r).
4
Suppose 0 = -2*t + 6 + 6. Let j(b) = 0*b - 5*b + t*b + 1. Determine j(0).
1
Suppose 4*v - 3*b - 11 = 0, -2*v - 2*b = v - 21. Let j(p) = -v + 1 + 1 - 6*p - p**2. Suppose 0 = -2*w + 2, -2*w + 0*w = -3*r - 17. Calculate j(r).
2
Let f(q) = 4 - 15 + 14 + 3*q. Calculate f(4).
15
Let j(i) = 5*i - 23. Let b be j(5). Let u(v) = v**3 + 2 + 5*v**2 - 3*v + 2*v - b*v**3 + 2*v**3. Give u(-5).
7
Let w(g) = 1779*g**2 - 1 + 2*g - 2*g**3 - 879*g**2 - 898*g**2. Suppose -5*u + 20 - 4 = 3*i, -5*u = 5*i - 20. Calculate w(u).
-5
Suppose 0 = 3*k - 7 - 5. Let v(p) = 2 + 3*p - 2*p - k. Calculate v(6).
4
Let d(n) = 3*n**2 - 13*n - 9. Let r be d(8). Let t = 69 - r. Let s(h) = h + 8. What is s(t)?
-2
Suppose -s - 6 = -0*s. Let k be (2 + 8/(-2))*-1. Let q(j) = -6*j**k + 1 - 58*j + 58*j - j**3. What is q(s)?
1
Let n(y) = y + 10. Suppose 5*z - 135 = 5*a, 0*a -